-7)/(-2)?
8
Let b = 12 + -9. Suppose -4*w - b*j + 10 = 0, w - 5*j = -16 + 7. What is the units digit of w?
1
Let j = -4 + 3. Let u = j + 0. What is the units digit of (0 - u)*(1 + 6)?
7
Suppose 5*u + 49 = d, -5*u + 28 = d - 21. Suppose c = -k - 4*c + 29, 3*k - 4*c = d. What is the units digit of k?
9
Suppose -76*w + 78*w = 38. What is the units digit of w?
9
Let a = -64 + 89. What is the tens digit of a?
2
Suppose 5*u - 173 = 387. What is the units digit of u?
2
Let d(z) = -z**2 + 3*z**2 + 8 + 0*z**2 + 5*z**2. Let p(g) = 8*g**2 - g + 9. Let t(o) = -7*d(o) + 6*p(o). What is the units digit of t(-5)?
3
Suppose 0 = 2*u + 3*u - 10. Let m be 2/u + (3 - -1). Suppose m*g + 28 = 5*t + 3, 3*g + 6 = 0. What is the units digit of t?
3
Suppose 68 = 2*a - 48. What is the units digit of a?
8
Suppose 2*a - 38 = 26. Suppose -3*n + a - 2 = 5*y, 40 = 4*n - 4*y. What is the tens digit of n?
1
Let m(d) = d**2 - 13*d + 16. Let w be m(12). Suppose 0 = -w*r + n + 77, 14 = r - 3*n + n. What is the units digit of r?
0
Suppose 0*o = 5*o + n - 273, 0 = -5*o + 2*n + 279. What is the units digit of o?
5
Suppose 3*o - 3*c = 15, -o = -4*c + 7 - 3. Let z = -11 - -16. Let i = o - z. What is the units digit of i?
3
Let n(g) = -g**3 - 7*g**2 - 4*g + 2. Let j(d) = d**3 - 5*d**2 + 5*d - 4. Let t be j(3). What is the tens digit of n(t)?
3
Suppose 0 = -y - 2*m + 8, -5*y - 3*m + 10 = m. Let h = y - -7. Suppose h*o - 27 = p + 3*p, 0 = -3*o - 3*p. What is the units digit of o?
3
Suppose 5*d = -d + 354. What is the units digit of d?
9
Let d = 121 + 86. What is the hundreds digit of d?
2
Let b be 40 - 0/(-5 + 2). Suppose -4*y + b = -0*y. What is the tens digit of y?
1
Let m be (-1 + -5 - 0) + 3. What is the tens digit of 2*m*(-15)/5?
1
What is the tens digit of 3/(-1) + (-2)/(-2)*23?
2
What is the units digit of 6*62/(-8)*-2?
3
Let l = -61 + 91. What is the units digit of l?
0
Let v be -15 + (1 - (-3 + 1)). Let z = v + 1. Let g = 18 + z. What is the units digit of g?
7
Let g = 628 - 353. What is the hundreds digit of g?
2
Let g(w) = -w**2 - 9*w + 8. Let k be g(-10). What is the tens digit of (1 - (-13 - k)) + 1?
1
Let u(r) = -2*r + 8. Let b be u(-8). Suppose 4*j - b = 28. What is the units digit of j?
3
Let k be 414/(-126) - 2/(-7). Let p(h) = h**3 + 4*h**2 - h - 2. What is the tens digit of p(k)?
1
Let d(w) = 26*w - 49. What is the units digit of d(11)?
7
Suppose -19 = -2*i + 149. What is the tens digit of i?
8
Let z(f) be the first derivative of -1 + f + 7/2*f**2. What is the units digit of z(1)?
8
Let x = 125 + -61. What is the units digit of x?
4
Let g be 9*(2 + -3 + 2). What is the tens digit of (9/5)/(g/135)?
2
Let y = -82 + 99. What is the tens digit of y?
1
Let n(j) = 39*j + 10. What is the hundreds digit of n(3)?
1
Let m = 69 + -15. What is the tens digit of m?
5
Suppose 104 + 211 = 7*x. What is the units digit of x?
5
Let h(k) = -k + 1. Let i be h(5). Let p be (-5)/(-20) + (-111)/i. Suppose r = -r + p. What is the units digit of r?
4
Suppose 2*t + x - 2*x - 118 = 0, 4*t - 226 = -3*x. What is the units digit of t?
8
Let m = -6 - -12. Let o = 8 - m. What is the units digit of (-2)/(48/27 - o)?
9
Let l(c) = 5*c**2 - 10*c + 4. Let m(h) = 11*h**2 - 20*h + 7. Let w(q) = -9*l(q) + 4*m(q). What is the tens digit of w(6)?
1
Suppose -11*z = -8*z - 18. What is the units digit of z?
6
Let f be 18/4*20/(-15). Let m(i) = -i**3 - 6*i**2 - i + 4. What is the tens digit of m(f)?
1
Suppose -4*r - 5*k - 313 = 0, -k = -6*k - 5. What is the units digit of (-1477)/r + (-4)/22?
9
Let a be (25/10)/(1/2). Suppose -a*r + 8*r - 144 = 0. What is the tens digit of r?
4
Suppose 0*w = -2*b - 4*w + 36, -5*w + 15 = 0. Let u = b + -1. What is the units digit of u?
1
Suppose 4*w = n + 15, -w - n + 3*n + 2 = 0. What is the units digit of w?
4
Suppose -c + 38 = c. Suppose -91 = -5*m + c. What is the units digit of m?
2
Suppose 9*o - 11*o + 440 = 0. What is the hundreds digit of o?
2
Suppose 90 = 4*p - 142. What is the units digit of p?
8
Let b(l) = l**2 - 9*l + 11. Let a be b(8). Suppose 0 = -2*z + z + a. Suppose z*k = -2*k + 40. What is the units digit of k?
8
Let j(d) = -4*d + 25. What is the tens digit of j(-5)?
4
Let x be 2/(1/(-21)*-3). Let j = x + 7. What is the units digit of j?
1
Let v be 6/((-1)/(2 - 21)). Suppose z - v = 4*z. Let q = z - -53. What is the units digit of q?
5
Suppose 3*m - 3 = x - 12, 2*m + 20 = -4*x. Let w(k) = -k**3 - 2*k**2 + 2*k. What is the units digit of w(x)?
3
Let g = 23 + -11. What is the tens digit of (g + -1 - 0) + 2?
1
Let y = -13 - -21. Suppose -6*k + y = -2*k. Suppose -3*i = -k*a + 21, -3*a = -0*i + 5*i - 3. What is the units digit of a?
6
Let x(d) be the first derivative of -1 - d + 1/3*d**3 + 1/2*d**2. What is the units digit of x(-2)?
1
Let n = 13 + -7. Let b be ((-4)/n)/((-3)/9). Suppose -2*g - 3*m = b*m + 6, 0 = g + 5*m + 8. What is the units digit of g?
2
Let q(i) = 4*i**3 - 2*i**2 - 3*i + 2. Let a be q(2). Let s = a - -2. What is the units digit of s?
2
Let q be 0 + -2*(-7)/2. Let g be ((-3)/9)/(2/(-6)). Let l = q - g. What is the units digit of l?
6
Let k(s) = -s**2 + 4*s + 1. Suppose 4*n = 5*b + 23, 5*n + 1 = n - 3*b. Let y be k(n). Suppose y*m = m + 20. What is the units digit of m?
5
What is the units digit of (24/(-60))/((-4)/370)?
7
Suppose 4*y - 9*y + 175 = 0. What is the tens digit of y?
3
Let i = 30 + -8. What is the tens digit of i/2 - 1*-1?
1
Suppose 8*f + 18 = 3*f - u, 3*f = -5*u - 24. What is the tens digit of -3 + (-99)/f - -2?
3
Let d be 15/(-5)*2/(-3). Suppose -4*v + 6 = d. Suppose -2 = -x + v. What is the units digit of x?
3
Let h(j) = 16*j - 64. What is the tens digit of h(11)?
1
Suppose 6*p - 45 = 3*p. Suppose 4*u = 5 + p. What is the units digit of u?
5
Suppose 4*r = 2*r. Suppose r = -3*t + 4 + 11. What is the units digit of t?
5
Let w = 161 - 93. What is the units digit of w?
8
Suppose -380 = -3*x + 2*r - 7*r, -2*x + 253 = 3*r. What is the units digit of x?
5
Let t be 16/(-72) + (-47)/(-9). Suppose -75 = -t*j + 4*r, -3*j + 4*r = j - 64. What is the tens digit of j?
1
Let o(r) = -9*r + 14. Let m be o(6). Let y = m - -71. What is the units digit of y?
1
Suppose -4*h - 4*o + 903 = -o, 2*o - 227 = -h. What is the tens digit of (-2)/1*h/(-10)?
4
Let m(q) = -7*q**3 - 3*q**2 - 13*q. Let f(x) = 3*x**3 + x**2 + 6*x. Let b(l) = 5*f(l) + 2*m(l). Let n be b(4). What is the units digit of (-2)/6 - n/(-12)?
5
Let p be -40*(0 - 1/2). Let i = p + -12. What is the units digit of i?
8
Let b be (3 + 0)/(-3) + 3. What is the tens digit of (-20 + b)/(9/(-6))?
1
Let n = 68 - 107. Let o = n - -69. What is the units digit of o?
0
Suppose 3*o - 5 - 4 = 0. What is the units digit of o?
3
Suppose 0 = 2*a - 0*a + 2. What is the tens digit of 25 - a/(-2)*6?
2
What is the tens digit of 449/4 - (-22)/(-88)?
1
Let k be 8/3*6/4. Suppose m - 20 = -k*m. What is the tens digit of (-12)/8 - (-58)/m?
1
Let z = -31 - -86. What is the tens digit of z?
5
Let p(q) be the third derivative of q**6/24 - q**2. Let w be ((-22)/(-12) + -2)*-6. What is the units digit of p(w)?
5
Suppose -2*h + 5 = 1. Suppose 3*y + 4*u - 86 = 0, 3*y + h*y + 2*u - 134 = 0. What is the tens digit of y?
2
Let z be (2 - (-7)/(-3))*-15. Suppose -z*o = 4*f - o, 5*o = 5. Let q = f + 7. What is the units digit of q?
6
Suppose 0 = 3*u - 4*t - 197, 5*u - 21 = -4*t + 286. Let k = u + -36. What is the units digit of k?
7
Let r(x) = -1 - 3 - 2*x**3 + 5*x**3 + 3 + 3*x. What is the tens digit of r(2)?
2
Let t(f) = -2*f - 9. Suppose b + 15 - 3 = 0. What is the tens digit of t(b)?
1
Suppose -53 = 2*b - 5. Let y = b + 44. What is the units digit of y?
0
Suppose -n + 5 = 2*n + 5*d, 3*n = -3*d - 3. Let f(w) = w - 6. Let c(q) = q - 6. Let s(v) = n*f(v) + 4*c(v). What is the units digit of s(0)?
6
Suppose 0 = 5*q - 5, -9 = -2*t - q + 4*q. Suppose t*c - 35 = c. What is the units digit of c?
7
Suppose -2*i + 388 + 174 = 0. What is the hundreds digit of i?
2
Let y be (-62)/(-10) - 6/30. Let g(b) = b**2 - 2*b + 4. What is the tens digit of g(y)?
2
Let c(i) = -i**3 + 2*i**2 - 2*i + 76. What is the tens digit of c(0)?
7
Suppose -22 = 2*f - 4*f. Let b = -10 + f. What is the units digit of b?
1
Suppose -62 = -3*q - 20. Let m be (-16)/(-6)*21/q. What is the units digit of m/(-6) + 8/3?
2
Suppose 0 = -d + 3*d + 2, 0 = 3*w + 5*d - 7. Suppos